2 = -2*i, 2*s = h*i - 4320. What are the prime factors of i?
23, 47
Let n be (15/(-45))/(159/54 - 3). List the prime factors of (n - -40)*(2 + 9).
2, 11, 23
Suppose w = -3*t + 32569, -351*w + 5*t + 162825 = -346*w. What are the prime factors of w?
2, 19, 857
Suppose -8 = 2*d, 0 = -768*g + 765*g - 6*d + 43530. What are the prime factors of g?
2, 7, 17, 61
Let q(r) = -409*r + 572. List the prime factors of q(-12).
2, 5, 137
Let z(o) = 2*o**2 + 2*o - 5. Suppose -4*t + 23 = -h, -3*h - 3*t + 8*t - 34 = 0. Let b be z(h). Suppose -b*s - 136 + 479 = 0. List the prime factors of s.
7
Let m be (-9 - -4)/(7/(-119)). What are the prime factors of 182/78*m*3?
5, 7, 17
Let u be (1 + (-199)/(-2))*52/39. Let a = u - 129. Suppose -a*c = -3*c - 352. What are the prime factors of c?
2, 11
Let t(y) = y**3 - 23*y**2 + 32*y + 4. Let n be (-14)/91 + 24/(-39)*-36. List the prime factors of t(n).
2, 7
Let t(p) = 68*p**2 - 10*p - 17. Let n be t(-2). Suppose 0 = -o - 2*z + n, 2*z + 1402 = 5*o + 3*z. What are the prime factors of o?
281
Suppose 48*f + 61105 = 5*c + 53*f, -3*c + 36673 = -2*f. What are the prime factors of c?
17, 719
Let b(h) = -h**3 + h**2 + 6*h + 3. Let z be b(3). Suppose 3*s - 153 = -2*g + 307, z*s - 462 = -3*g. What are the prime factors of s?
2, 19
Suppose 5*q - 5*v - 667 = -3442, 2770 = -5*q + 4*v. Let a = q + 850. Suppose -4*l = o - 39, -a = -5*o - 0*l + l. What are the prime factors of o?
59
Suppose -4*y + 284 = 2*z + 2*z, 2*z - 5*y - 170 = 0. Suppose 0 = -7*x + 213 + 60. Let g = z - x. What are the prime factors of g?
2, 3
Let i = 1469 + 1699. What are the prime factors of i?
2, 3, 11
Let n(w) = 5*w**2 - 3*w - 20. Let s be (28/7 - 8) + 1 + -2. What are the prime factors of n(s)?
2, 3, 5
Suppose 0 = -s + 8*s - 70. Suppose 6*m + s = -14. What are the prime factors of 47 - m*(-9)/12?
2, 11
Suppose -4*x + 7 = 5*t - 31, 0 = -x + 2. Suppose -3*a - 231 = -t*a. Suppose -2 + a = 3*v. List the prime factors of v.
5
Let c(t) = 3*t**2 - 10*t - 6. Let p be c(4). Suppose 95 = p*y - 21. Suppose -3*h - 2*w = -189, h + 0*w - y = w. List the prime factors of h.
61
What are the prime factors of (-1)/(7*2/(-149912))?
2, 2677
Let f(b) = -b**3 - 7*b**2 - 14*b - 18. Let z = -56 - -30. Let l(n) = n**2 + 25*n - 35. Let h be l(z). List the prime factors of f(h).
2, 3, 5
Suppose 361381 = 110*b - 342203 - 664046. List the prime factors of b.
12433
Suppose -17131308 = -297*j - 177*j. List the prime factors of j.
2, 17, 1063
Suppose 0 = -163*i + 1520682 + 8564583 - 735259. What are the prime factors of i?
2, 23, 29, 43
Let n = -1053 + 2670. Suppose 7*j + 0*j - n = 0. Suppose -l + 2*l = 4*r + 93, 3*l - j = -4*r. List the prime factors of l.
3
Let p be (4/14 - (-108)/63) + 12. Suppose 0 = 15*m - p*m - 213. List the prime factors of m.
3, 71
Let c be ((-14)/(-28))/((-2)/(-108)). Let h = c - -488. List the prime factors of h.
5, 103
List the prime factors of (-45 - -54) + (-100316)/(-4).
2, 7
Let m = 151 + -275. Suppose z - 2*g + 89 = 0, 33 - 205 = 2*z - 2*g. Let t = z - m. List the prime factors of t.
41
Let o(a) = a + 17. Let t be o(-11). Suppose t*q - 1322 = 1942. What are the prime factors of q?
2, 17
Let v(s) = 3*s + 4. Let a be v(-5). Let o(q) be the first derivative of -q**4/4 - 3*q**3 + 15*q**2/2 + 15*q + 3. What are the prime factors of o(a)?
2, 23
Let l(z) = z**3 - 8*z**2 + 179*z + 45. What are the prime factors of l(27)?
3, 2081
List the prime factors of 2491 + 2 + 17/17.
2, 29, 43
Let x = 35760 - 18558. What are the prime factors of x?
2, 3, 47, 61
Suppose -13*w + 10*w = 4*a - 94930, -2*a = 3*w - 94916. What are the prime factors of w?
2, 15817
List the prime factors of ((-14185000)/(-875))/((-4)/(-14)).
2, 5, 2837
Suppose s = -2*c + 31, 12*c = -3*s + 16*c + 103. Suppose s*n - 27*n - 2748 = 0. What are the prime factors of n?
2, 229
Let c(s) = 2*s - 27. Let l be c(8). Let x = -32 - l. Let q = 45 - x. List the prime factors of q.
2, 3, 11
List the prime factors of ((40/(-16))/(15/(-27)))/((-3)/(-13638)).
3, 2273
Let c(j) = 29*j + 7. Let r = 81 + -77. Suppose l + l = -2*w - 6, -3*w = 2*l + r. What are the prime factors of c(w)?
5, 13
Suppose -43735 = -31*b - 5016. Let i = 2568 - b. What are the prime factors of i?
1319
Let n = 980 + -975. Suppose 3*i = -n*b - i + 3143, 3*i = -3*b + 1884. List the prime factors of b.
631
Suppose -25 = -g + 4*v, -2*v = -3*g + 12 + 13. Let d = 453 - 446. Suppose -216 = -d*n + g*n. List the prime factors of n.
2, 3
Let k(u) = -13*u**3 + 667*u**2 + 167*u + 46. What are the prime factors of k(50)?
2, 3181
Let d = 55 - 55. What are the prime factors of (-7)/((-6 - d)/306)?
3, 7, 17
Suppose 66*j = 2*j + 520832. List the prime factors of j.
2, 13, 313
List the prime factors of 6/(-9) + 16/72*38379 + 0.
2, 13, 41
Let l(j) = -5 - 3*j**2 + 1 - 9 + 4*j**2 - 13*j. Let b be l(14). List the prime factors of 141/(3 - 0)*(0 + b).
47
Let a(t) = -2*t + 22 + 2*t + 5 - 11*t. What are the prime factors of a(-3)?
2, 3, 5
Suppose -6*c + 28*t = 25*t - 52716, 0 = 3*c - 5*t - 26365. What are the prime factors of c?
5, 7, 251
List the prime factors of (-3 - -4)*(15 + 34868/2).
17449
Suppose -6*h + 38 + 16 = 0. Suppose 2*n - 5533 = -h*n. What are the prime factors of n?
503
What are the prime factors of (-2552)/(-14) + 13 + (-2)/7?
3, 5, 13
Let p be -27*(-65)/5 - 0/2. Suppose 0 = 10*j - j + p. What are the prime factors of j/(-26) - (-1)/2?
2
Let v(f) = 2*f**3 - 13*f**2 - 16*f - 13. Let z be v(10). Let t = z - 271. Suppose 0 = 4*b - 12*b + t. What are the prime factors of b?
2
Let b(v) = 3*v**2 - 33*v - 45. Let t(z) = -z**2 + 16*z + 22. Suppose -9*n = -13*n - 20. Let m(c) = n*t(c) - 2*b(c). List the prime factors of m(-11).
13
Let p(g) = 215*g + 128. Let b(w) = -217*w - 129. Let j(v) = -2*b(v) - 3*p(v). List the prime factors of j(-7).
7, 193
Suppose -17*h + 270 = -14*h. Let c be (-24*(-12)/h)/((-2)/(-10)). What are the prime factors of c - (6/(-4))/(9/(-6))?
3, 5
Let i be ((-10)/(-15))/(-4*3/(-54)). Suppose c = i*p + 337, 2*c - 710 = -2*p - p. Let b = -246 + c. What are the prime factors of b?
103
Suppose -n - 4 = -2*r, 4*r + 3*n + n - 20 = 0. Let u be 2*(112/42 + (-2)/r). Suppose 3*a - 517 = 4*o, 0*a + 708 = u*a + 4*o. List the prime factors of a.
5, 7
Let q = -4060 + 7010. Suppose -31*r + 6*r + q = 0. What are the prime factors of r?
2, 59
Suppose 0 = -3*p - 19 + 25. Suppose -3*q + p*q + 24 = 4*n, -q - 6 = -2*n. Suppose 14 = n*b - 171. List the prime factors of b.
37
Suppose n + 10 + 1 = 4*x, 4*x - 21 = -n. Let o be -838*4/(32/x). Let z = -295 - o. What are the prime factors of z?
2, 31
Let h be (90/(-30))/(6/884*-1). Let a = 137 + h. What are the prime factors of a?
3, 193
Suppose -5*m - 1 - 89 = 0. Let a = 40 + m. Suppose -a = -2*q - 14. List the prime factors of q.
2
Let j(z) = -z**3 + 21*z**2 + 3*z - 58. Let b = 590 + -573. List the prime factors of j(b).
3, 383
Let h(z) = 17*z**3 - 4*z**2 + 48*z - 20. List the prime factors of h(7).
11, 541
Let i = 4718 - 3640. List the prime factors of i.
2, 7, 11
Suppose 6012362 = 406*i - 10538503 - 1691527. List the prime factors of i.
2, 47, 239
Let i = 280 - -197. Suppose 0 = 3*u + i - 3738. List the prime factors of u.
1087
Let w = 122 + -106. Suppose q = 123 - w. Let d = q - 69. What are the prime factors of d?
2, 19
Suppose -797688 = -236*h + 5502332. List the prime factors of h.
5, 19, 281
Suppose -3*m - 4*p = 26, 5*m + 15 + 19 = -2*p. Let t be m + -5*4/(-5). Let v(y) = -31*y + 2. List the prime factors of v(t).
2
Let w(f) = f**3 + 5*f**2 - 5*f - 3. Suppose -8 = -c - 9. Let r be c/(-1) + (-12)/3. List the prime factors of w(r).
2, 3, 5
Let t = 100678 - 71100. List the prime factors of t.
2, 23, 643
Suppose 0 = -5*t - 3*b + b + 17, 2*t + 2*b = 2. Suppose -3*y - 2*k = -8*y + 2516, 0 = t*y + 5*k - 2495. Let g = y - 288. List the prime factors of g.
2, 107
Suppose 0 = -3*p - 12. Let l be 2814/8 - (6 + 25/p). Suppose -2 = -a, -l = -5*h - a + 375. List the prime factors of h.
5, 29
Suppose 5*f - 2*d = -8, -2*f - 7*d - 4 = -8*d. Suppose a + 2 - 28 = f. Suppose 342 = -24*m + a*m. List the prime factors of m.
3, 19
Suppose -60*h + 55*h + 29505 = -20310. List the prime factors of h.
3, 41
Let k = -474 + 1091. Let u(x) = -3*x**3 + 8*x**2 - 9*x + 2. Let f be u(6). Let q = k + f. List the prime factors of q.
5, 41
Let q = -1